at is the units digit of f?
9
Let i(b) = b**2 - 2*b - 92. Let r(n) = 26*n**3 - n**2 + 3*n - 2. Let p be r(1). What is the tens digit of i(p)?
3
Suppose -4*z + 35 = -3*w, -3*w = -z - 0*w + 2. Suppose 10*y - z*y - 78 = 0. What is the tens digit of 27*((-350)/y - (-14)/(-91))?
1
Let q = -1991 - -3383. Suppose 0 = 4*t + 5*z - q + 247, -5*z - 305 = -t. What is the hundreds digit of t?
2
Suppose 6*w - 30 = -4*w. Suppose 0 = r + 4*r + w*c + 1352, -5*c = -4*r - 1052. Let d = r - -400. What is the units digit of d?
2
Suppose 4265642 = 31*y + 115*y - 43*y. What is the thousands digit of y?
1
Let q = -444 - -457. Suppose -10 = z - 4*f, 0 = 4*z - 0*f - 5*f - 4. Suppose -z*t - 602 = -q*t. What is the tens digit of t?
8
Suppose -k + 6*k - 10169 = -y, 0 = 3*y + 3. Suppose -2*l + l + 4*s = -1026, -2*l - s + k = 0. What is the units digit of l?
8
Suppose -4*k + 17*k = 39. What is the tens digit of k + 66/(-21) - (-2171)/7?
1
Suppose -5*v - 3*n + 16826 = -n, 0 = v - n - 3361. What is the thousands digit of v?
3
Suppose -75021 = 67*f - 84*f. Suppose 11*t = 12*t + 3*w - 885, 3*w = -5*t + f. What is the hundreds digit of t?
8
Suppose -r + 5*y = 0, 3*r - 6*y + 5*y = 0. Suppose r = 6*s - 2*s - 2272. What is the tens digit of s?
6
Suppose -3*q = -3*z + z + 1313, -650 = -z - 5*q. Let g = z + -289. What is the units digit of g?
6
Suppose -2*a - 32 = -5*v, a + 4*v + v = 14. Let o be 786/(0 - a/3). Suppose -6*i - o = -1083. What is the hundreds digit of i?
1
Let m(s) = 2*s**2 + 5*s - 73. Let x be m(7). Let c(a) = 32*a - 1. Let q be c(2). Suppose 61*u = x*u + q. What is the units digit of u?
3
Let b = -8633 - -8404. Let w = -961 - -1435. Let z = w + b. What is the units digit of z?
5
Suppose s + 7 = -6*m + 3*m, -25 = -5*s. Let n(g) = -12*g**3 - 7*g**2 + 17. What is the hundreds digit of n(m)?
6
Let s(p) = -p**3 - 7*p**2 - 8*p - 11. Let a be s(-6). Let y be 0 + a*0*1/(-3). Suppose 4*o - 4*v - 356 = y, 5 = -3*v - 7. What is the units digit of o?
5
Suppose 0 = -7*p - 629 + 25102 - 2976. What is the units digit of p?
1
Suppose 7*x - 74574 = 3*x + 2*r, -5*r = -2*x + 37259. What is the units digit of x?
7
What is the units digit of 14/10 - ((-5669800)/1125 + (-14)/(-63))?
1
Suppose 5*u + 16 = f, -2*f + 4*f + 5*u = 2. Suppose 0 = -f*k + 366 + 2184. What is the hundreds digit of k?
4
Suppose 17138 = 3*v + 2*q, -3*v + 16*q + 17114 = 12*q. What is the units digit of v?
0
Suppose 5*q = b + 4888, -4*b + 3*b + 4882 = 5*q. Suppose -3*k + 2699 - q = 0. What is the tens digit of k?
7
Let b(h) = 54*h - 37. Let r be b(-2). Let y = r + 2050. What is the units digit of y?
5
Let m(f) = 2*f**2 - 78*f - 1079. What is the tens digit of m(-56)?
6
Let k be (-19324)/(-2) - (-91 - -82). Suppose 21*g = 25168 + k. What is the units digit of g?
9
Suppose -399 = -25*g + 6*g. Suppose 5*n + 38 = 5*r - 17, r = 3*n + g. Suppose y + 670 = r*y. What is the units digit of y?
4
What is the tens digit of (27/(810/880))/((14/360)/7)?
8
Let w = 19421 + -9217. What is the hundreds digit of w?
2
Let v = 6143 + -556. What is the tens digit of v?
8
Let j(m) = 2*m - 8. Let v be j(4). Suppose 141*l - 172*l + 26164 = v. What is the tens digit of l?
4
Let y be (-2 - 2) + 23 + -5. Suppose -y = -8*q + 26. Suppose 0*h + h - 2*k = 4, -q*h = -k - 11. What is the units digit of h?
2
Suppose 4*h - 4*n - 32161 = 15051, -5*h + 58997 = -2*n. What is the thousands digit of h?
1
Suppose 18*q - 383566 = 127004. What is the units digit of (9/(-15))/((-31)/q)?
9
What is the units digit of 5307126/1337 + (-8)/(-14)?
0
Let x = 526 + 254. Suppose -5*b - x = -7*b. Suppose 0*a = -3*a + b. What is the units digit of a?
0
Let d = 973 + -741. Suppose 8*a - d = -s + 3*a, 3*s - 4*a = 715. What is the tens digit of s?
3
Let d = -1107 - -2542. What is the tens digit of d?
3
Let i = 24942 - 14815. What is the units digit of i?
7
Let z be 1/2 - 65/26. Let r be (0 - z)*(-3)/(-2). Suppose 4*p + r*x - 258 = 0, -3*x = 3*p - 5*x - 202. What is the units digit of p?
6
Let x(s) be the second derivative of s**4/12 + s**3/6 + 115*s**2/2 - 14*s. Let z be x(0). Suppose -z = -0*l - 5*l. What is the tens digit of l?
2
Let a(w) = -1. Let j(m) = -3*m + 21. Let d(f) = -6*a(f) - j(f). Let n be d(7). Suppose n*k = 9*k - 102. What is the units digit of k?
4
Suppose 14*w + 16 = 22*w. Suppose 2*l + 3*k = 5*l - 1128, 10 = -w*k. What is the units digit of l?
1
Suppose 7*t - 12 = 5*t. Let l(i) = 2*i**2 + 10*i - 34. Let p(u) = -u**2 - 5*u + 17. Let o(w) = t*l(w) + 11*p(w). What is the units digit of o(6)?
9
Let k = 9534 + 10093. What is the tens digit of k?
2
Suppose 4*m - 98543 = -5*g, -5*m - 22784 + 145941 = -g. What is the tens digit of m?
3
Suppose -27 = -n + 4*w, n - 4*w = -2*w + 35. Let f = 480 + -480. Suppose 46*q - n*q - 240 = f. What is the tens digit of q?
8
Let y(p) = 3*p + 12. Let c be y(-5). Let r be 6/((-220)/75 - c). Suppose 0*a - r = -5*a. What is the units digit of a?
8
Let c be ((-148)/(-28) - 1)*77 + 3. Suppose -6*d = -c - 795. Suppose 3*z - 5*n - d = 73, 3*z - 4*n = 258. What is the units digit of z?
2
Suppose 53 = 21*w - 157. Suppose 492 = w*o - 6*o. What is the units digit of o?
3
Suppose 22*j - 26*j + 4 = 0. Suppose -10*y - j = -21. Suppose 5*z = -4*c + 571, -81 - 371 = -4*z - y*c. What is the units digit of z?
1
Let t(c) = c**2 + 4*c - 4. Let z be t(-6). Suppose 0 = -53*l + 89*l + 108. What is the units digit of 10/(l + z) - -50?
2
Let c(a) = 476*a - 1156. What is the ten thousands digit of c(45)?
2
Let v(c) = -c**3 + c**2 - 10. Let w be v(4). Let b = w + 64. Suppose -54 = -q - 2*p, -124 = -2*q - 2*p - b. What is the units digit of q?
4
What is the tens digit of (-5 + 30/4)*(-120402)/(-45)?
8
Suppose -4*u - 5*u - 54 = 0. What is the units digit of ((-15)/(-60)*u)/((-3)/1208)?
4
Let c(l) = 39*l**2 - 8*l + 8. Suppose -2*k - 7*y - 19 = -2*y, -30 = -5*k + 3*y. What is the tens digit of c(k)?
3
Let f be (-66)/88 + (-6)/(-8). Suppose -k + 23 = 3*j, 0 = -3*j + 2*k + 8 - f. Let y(u) = u**3 - 5*u**2 - 4*u - 6. What is the units digit of y(j)?
6
Let x be (-10)/30*(38 + 1). Let f(w) = w**3 + 13*w**2 - 3*w - 14. Let m be f(x). Let a = 11 + m. What is the units digit of a?
6
Let b(l) = l - 2. Let r be (21/2)/(3/2). Let h be b(r). Suppose -2*y - f - f + 114 = 0, -3*y - h*f + 169 = 0. What is the tens digit of y?
5
Let s = 8275 + -6169. What is the thousands digit of s?
2
Let s be 1*3 - 1/((-4)/44). Suppose -7*m - s*m = -6069. What is the units digit of m?
9
Let d(y) = -98*y + 321. Let q(l) = -9*l + 308. Let j be q(35). What is the tens digit of d(j)?
0
Let q = 47 + -41. Let m be 6/(-2)*q/(-18). Let o(i) = 40*i - 1. What is the tens digit of o(m)?
3
Let s(a) = -8*a + 4. Let c be s(0). Suppose -6*i + r = -3*i - 984, 2*i + c*r - 656 = 0. What is the units digit of i?
8
Let l = 46 + -44. Suppose v + 459 = -l*v. Let d = v + 268. What is the units digit of d?
5
Suppose -5*c + 4219 = a + 987, -2*a - 4*c = -6464. What is the tens digit of a?
3
Suppose 2*m + 3*u + 1 = -1, -2*u = -4*m + 28. Suppose 2*f - 234 = 3*p, 4*p + 33 = -m*f + 572. What is the hundreds digit of f?
1
Let t(n) = -1190*n + 7105. What is the hundreds digit of t(-11)?
1
Suppose 44 = 5*m + 4*v, -5*m + 2*v + 40 = 7*v. Suppose -o + m = -6. What is the units digit of 94/o + (-24)/108?
5
Let u = -9944 - -14777. What is the tens digit of u?
3
Suppose 3*m = -9*r + 5*r + 3, -5*r = 15. Suppose -m*a + 628 = -752. Let g = 400 - a. What is the hundreds digit of g?
1
Let d(y) = y**3 - 5*y**2 - 10*y + 9. Let w be d(5). Let x(s) = -s**2 + 15*s - 14. Let a be x(7). Let h = w + a. What is the units digit of h?
1
Let j = 784 + -719. Suppose 3*q + f = 629, -2*q - 4*f = 264 - 670. Suppose -q - j = -4*p. What is the units digit of p?
9
Suppose -12 = 3*n, 4*v - 4*n - 1036 = -9*n. Let c(h) = -h**3 + h**2. Let t be c(-1). Suppose -t*q - 3*j + v = -j, -j = 2. What is the units digit of q?
4
Let a = 43905 + -30184. What is the thousands digit of a?
3
Suppose 3*l + 3601 = -1952. Let r = -1150 - l. What is the tens digit of r?
0
Let s(p) be the second derivative of -58*p**3/3 - 3*p**2 - 68*p. What is the tens digit of s(-2)?
2
Let z be (5930/(-15))/((-5)/(-15)*-1). Suppose 2*u - 872 = 5*x, 2*x - z = -3*u + 103. What is the hundreds digit of u?
4
Let s(t) = -6*t + 14. Let a be s(-9). Suppose 0 = 76*r - a*r - 3336. What is the hund